{"id":3,"date":"2024-02-01T16:04:40","date_gmt":"2024-02-01T15:04:40","guid":{"rendered":"http:\/\/2024.toufflers.fr\/?page_id=3"},"modified":"2026-04-19T17:29:50","modified_gmt":"2026-04-19T15:29:50","slug":"politique-de-confidentialite","status":"publish","type":"page","link":"https:\/\/toufflers.fr\/index.php\/politique-de-confidentialite\/","title":{"rendered":"Politique de confidentialit\u00e9"},"content":{"rendered":"\r\n<h2 class=\"wp-block-heading\">Mairie de Toufflers<\/h2>\r\n<p><strong>CHARTE DE PROTECTION DES DONN\u00c9ES. <\/strong><\/p>\r\n<p>&nbsp;<\/p>\r\n<p>Dans le cadre de son activit\u00e9,<strong> la mairie de Toufflers <\/strong>en qualit\u00e9 de responsable de traitement, est susceptible de collecter et traiter des donn\u00e9es \u00e0 caract\u00e8re personnel, notamment celles de ses usagers ainsi que celles des personnes avec qui elle entre en relation dans le cadre de ses diff\u00e9rentes missions. L&#8217;ensemble des traitements de donn\u00e9es personnelles mis en oeuvre dans le cadre de ses activit\u00e9s respecte la r\u00e9glementation applicable en mati\u00e8re de protection des donn\u00e9es personnelles et notamment les dispositions de la loi \u00ab informatique et libert\u00e9s \u00bb du 6 janvier 1978 modifi\u00e9e et le R\u00e8glement G\u00e9n\u00e9ral sur la Protection des Donn\u00e9es (R\u00e8glement UE 2016\/679) ou \u00ab RGPD \u00bb.<\/p>\r\n<p>Plus particuli\u00e8rement, <strong>la mairie de Toufflers <\/strong>s&#8217;engage notamment \u00e0 respecter les principes suivants :<\/p>\r\n<p>\u2212 vos donn\u00e9es personnelles sont trait\u00e9es de mani\u00e8re licite, loyale et transparente,<\/p>\r\n<p>\u2212 vos donn\u00e9es personnelles sont collect\u00e9es pour des finalit\u00e9s d\u00e9termin\u00e9es, explicites et l\u00e9gitimes, et ne sont pas trait\u00e9es ult\u00e9rieurement d&#8217;une mani\u00e8re incompatible avec ces finalit\u00e9s,<\/p>\r\n<p>\u2212 vos donn\u00e9es personnelles sont conserv\u00e9es de mani\u00e8re ad\u00e9quate, pertinente et sont limit\u00e9es \u00e0 ce qui est n\u00e9cessaire au regard des finalit\u00e9s pour lesquelles elles sont trait\u00e9es,<\/p>\r\n<p>\u2212 vos donn\u00e9es personnelles sont exactes, tenues \u00e0 jour et toutes les mesures raisonnables sont prises pour que les donn\u00e9es inexactes, eu \u00e9gard aux finalit\u00e9s pour lesquelles elles sont trait\u00e9es, soient effac\u00e9es ou rectifi\u00e9es sans tarder,<\/p>\r\n<p>\u2212 vos donn\u00e9es personnelles sont conserv\u00e9es sous une forme permettant l&#8217;identification des personnes concern\u00e9es pendant une dur\u00e9e n&#8217;exc\u00e9dant pas celle n\u00e9cessaire au regard des finalit\u00e9s pour lesquelles elles sont trait\u00e9es,<\/p>\r\n<p>\u2212 vos donn\u00e9es personnelles sont trait\u00e9es de fa\u00e7on \u00e0 garantir une s\u00e9curit\u00e9 appropri\u00e9e, y compris la protection contre le traitement non autoris\u00e9 ou illicite et contre la perte, la destruction ou les d\u00e9g\u00e2ts d&#8217;origine accidentelle.<br \/><br \/><strong>Responsable du Traitement<\/strong><br \/>Vos donn\u00e9es \u00e0 caract\u00e8re personnel sont collect\u00e9es par nos soins et sont stock\u00e9es dans nos<br \/>locaux dans des lieux s\u00e9curis\u00e9s.<\/p>\r\n<p><br \/><strong>Donn\u00e9es personnelles collect\u00e9es<\/strong><br \/>Le terme \u00ab donn\u00e9es \u00e0 caract\u00e8re personnel \u00bb d\u00e9signe les informations personnelles permettant<br \/>de vous identifier directement ou indirectement, tel que vous avez accept\u00e9 de nous les<br \/>communiquer. Les donn\u00e9es \u00e0 caract\u00e8re personnel incluent notamment les informations telles<br \/>que les noms et pr\u00e9noms, adresses postales et de messagerie, num\u00e9ros de t\u00e9l\u00e9phone \u2026<\/p>\r\n<p><br \/>Ces donn\u00e9es sont susceptibles d\u2019\u00eatre collect\u00e9es lors de votre adh\u00e9sion, lorsque vous nous<br \/>contactez ou lors de relations contractuelles.<\/p>\r\n<p><br \/>Sauf exceptions, les donn\u00e9es personnelles susceptibles d\u2019\u00eatre trait\u00e9es par la mairie sont :<br \/>\u2212 vos nom et pr\u00e9nom,<br \/>\u2212 vos coordonn\u00e9es professionnelles, telles que votre fonction, votre adresse<br \/>professionnelle, les adresses \u00e9lectroniques et num\u00e9ros de t\u00e9l\u00e9phone utilis\u00e9s dans vos<br \/>fonctions professionnelles,<br \/>\u2212 des informations financi\u00e8res et bancaires.<\/p>\r\n<p><br \/>Certaines des informations sont requises pour b\u00e9n\u00e9ficier de l\u2019int\u00e9gralit\u00e9 de nos services et\/ou<br \/>pour le bon traitement du service rendu.<\/p>\r\n<p><strong>Finalit\u00e9s du traitement<\/strong><br \/>La mairie est susceptible de traiter des donn\u00e9es personnelles vous concernant pour diff\u00e9rents<br \/>motifs en fonction des bases juridiques pertinentes :<br \/>\u2212 consentement : dans les cas o\u00f9 vous avez donn\u00e9 votre consentement au traitement de<br \/>vos donn\u00e9es personnelles pour une ou plusieurs finalit\u00e9s sp\u00e9cifiques. Celles-ci<br \/>correspondent aux activit\u00e9s li\u00e9es \u00e0 l\u2019exercice de nos missions,<br \/>\u2212 ex\u00e9cution d\u2019un contrat : dans les cas o\u00f9 le traitement des donn\u00e9es personnelles est<br \/>n\u00e9cessaire \u00e0 l&#8217;ex\u00e9cution d&#8217;un contrat auquel vous \u00eates partie prenante ou \u00e0 l&#8217;ex\u00e9cution<br \/>de mesures pr\u00e9contractuelles prises \u00e0 votre demande,<br \/>\u2212 obligations l\u00e9gales : dans les cas o\u00f9 le traitement est n\u00e9cessaire au respect d&#8217;une<br \/>obligation l\u00e9gale \u00e0 laquelle la mairie est soumise, en tant que responsable du<br \/>traitement,<br \/>\u2212 int\u00e9r\u00eat l\u00e9gitime : le traitement est n\u00e9cessaire aux fins des int\u00e9r\u00eats l\u00e9gitimes poursuivis par la mairie.<\/p>\r\n<p><strong>Destinataire des donn\u00e9es<\/strong><\/p>\r\n<p>Selon les finalit\u00e9s de la collecte des donn\u00e9es personnelles, les personnes\/organismes suivants sont susceptibles d\u2019acc\u00e9der \u00e0 vos donn\u00e9es :<\/p>\r\n<p>\u2212 les agents de la mairie ou ses repr\u00e9sentants, sous r\u00e9serve des lois applicables en mati\u00e8re de protection des donn\u00e9es,<\/p>\r\n<p>\u2212 les tiers traitant des donn\u00e9es personnelles en tant que sous-traitants des donn\u00e9es ou prestataires de services conform\u00e9ment aux instructions de la mairie (h\u00e9bergement, maintenance technique, routage et s\u00e9curisation de nos donn\u00e9es),<\/p>\r\n<p>\u2212 les tiers collaborant avec la mairie dans l\u2019exercice de ses missions, dans la mesure o\u00f9 la communication de ces donn\u00e9es est n\u00e9cessaire \u00e0 l\u2019accomplissement de celles-ci,<\/p>\r\n<p>\u2212 les organismes publics sur leur demande et dans la limite de ce qui est impos\u00e9 par la r\u00e9glementation.<\/p>\r\n<p>Nous ne commercialisons ni ne louons vos donn\u00e9es \u00e0 caract\u00e8re personnel \u00e0 des tiers. Les donn\u00e9es collect\u00e9es sont exclusivement destin\u00e9es \u00e0 la mairie.<\/p>\r\n<p>Nous nous engageons \u00e0 assurer des contr\u00f4les de s\u00e9curit\u00e9 appropri\u00e9s pour prot\u00e9ger vos donn\u00e9es personnelles contre tout danger pr\u00e9visible.<\/p>\r\n<p><strong>Conservation des donn\u00e9es<\/strong><\/p>\r\n<p>Vos donn\u00e9es personnelles sont conserv\u00e9es le temps n\u00e9cessaire \u00e0 l\u2019accomplissement de l\u2019objectif poursuivi lors de leur collecte. Elles seront ensuite archiv\u00e9es avec un acc\u00e8s restreint pour une dur\u00e9e suppl\u00e9mentaire en conformit\u00e9 avec les dur\u00e9es de prescription et de conservation l\u00e9gale pour des raisons strictement limit\u00e9es et autoris\u00e9es par la loi. Elles seront ensuite d\u00e9finitivement d\u00e9truites.<\/p>\r\n<p><strong>S\u00e9curit\u00e9 et confidentialit\u00e9 des donn\u00e9es<\/strong><\/p>\r\n<p>Toutes les donn\u00e9es personnelles collect\u00e9es sont stock\u00e9es sur nos propres serveurs s\u00e9curis\u00e9s, serveurs exclusivement bas\u00e9s en France.<\/p>\r\n<p>Nous prenons toutes pr\u00e9cautions utiles pour pr\u00e9server la s\u00e9curit\u00e9 de vos donn\u00e9es et, notamment, emp\u00eacher qu\u2019elles soient d\u00e9form\u00e9es, endommag\u00e9es, ou que des tiers non autoris\u00e9s y aient acc\u00e8s. Tous les acc\u00e8s \u00e0 notre base de donn\u00e9es sont s\u00e9curis\u00e9s et contr\u00f4l\u00e9s.<br \/><br \/>Nous mettons en oeuvre des mesures organisationnelles, techniques, logicielles et physiques en mati\u00e8re de s\u00e9curit\u00e9 du num\u00e9rique pour prot\u00e9ger les donn\u00e9es personnelles contre les alt\u00e9rations, destructions et acc\u00e8s non autoris\u00e9s.<\/p>\r\n<p><strong>Transfert de donn\u00e9es hors Union Europ\u00e9enne<\/strong><\/p>\r\n<p>Nous ne proc\u00e9dons \u00e0 aucun transfert en dehors de la France et de mani\u00e8re g\u00e9n\u00e9rale en dehors de l\u2019Union Europ\u00e9enne.<\/p>\r\n<p><strong>Mise en oeuvre de vos droits<\/strong><\/p>\r\n<p>En application de la r\u00e9glementation applicable aux donn\u00e9es \u00e0 caract\u00e8re personnel (et notamment conform\u00e9ment au R\u00e8glement 2016\/679\/UE du 27 avril 2016 relatif \u00e0 la protection des personnes physiques \u00e0 l\u2019\u00e9gard du traitement des donn\u00e9es \u00e0 caract\u00e8re personnel et \u00e0 la libre circulation de ces donn\u00e9es, r\u00e8glement g\u00e9n\u00e9ral sur la protection des donn\u00e9es dit \u00ab RGPD \u00bb), vous disposez des droits suivants :<\/p>\r\n<p>\u2212 droit d\u2019acc\u00e8s, \u2212 droit de rectification,<\/p>\r\n<p>\u2212 droit \u00e0 l\u2019effacement dans la limite de ce qui est permis par la r\u00e9glementation,<\/p>\r\n<p>\u2212 droit \u00e0 la limitation du traitement,<\/p>\r\n<p>\u2212 droit d\u2019opposition,<\/p>\r\n<p>\u2212 droit \u00e0 la portabilit\u00e9 de vos donn\u00e9es,<\/p>\r\n<p>\u2212 droit de retirer votre consentement lorsque le traitement est fond\u00e9 sur le consentement.<\/p>\r\n<p><strong>Mise \u00e0 jour de la charte<\/strong><\/p>\r\n<p>Dans un monde en constante \u00e9volution, nous nous r\u00e9servons le droit d\u2019apporter toute modification utile \u00e0 la pr\u00e9sente charte relative \u00e0 la protection des donn\u00e9es \u00e0 caract\u00e8re personnel, \u00e0 tout moment, ceci notamment pour tenir compte des \u00e9volutions d\u2019usages, de proc\u00e9dures internes ou de r\u00e9glementation applicable.<\/p>\r\n<p>En cas de modification de la pr\u00e9sente charte, nous nous engageons \u00e0 publier la nouvelle version sur le site internet de la ville. Par cons\u00e9quent, nous vous invitons \u00e0 consulter r\u00e9guli\u00e8rement notre charte, afin de mieux comprendre l\u2019utilisation de vos donn\u00e9es personnelles et conna\u00eetre les modifications ou \u00e9volutions de nos usages ou proc\u00e9dures.<br \/><br \/><strong>D\u00e9l\u00e9gu\u00e9 \u00e0 la Protection des Donn\u00e9es<\/strong><\/p>\r\n<p>Pour toute question relative \u00e0 la pr\u00e9sente Charte et\/ou pour demander \u00e0 acc\u00e9der \u00e0 l\u2019ensemble des informations vous concernant, \u00e0 conna\u00eetre l\u2019origine de ces informations, en obtenir la copie, ou demander que vos donn\u00e9es soient rectifi\u00e9es, compl\u00e9t\u00e9es, mises \u00e0 jour ou supprim\u00e9es, vous pouvez contacter notre D\u00e9l\u00e9gu\u00e9 \u00e0 la Protection des Donn\u00e9es par voie \u00e9lectronique ou postale \u00e0 :<\/p>\r\n<p>Organisme d\u00e9sign\u00e9 METROPOLE EUROPEENNE DE LILLE<\/p>\r\n<p>Nom du repr\u00e9sentant l\u00e9gal Monsieur Damien CASTELAIN<\/p>\r\n<p>Nom personne en charge de la d\u00e9signation Monsieur Xavier VANPEENE<\/p>\r\n<p>Date prise d\u2019effet 10\/07\/2024<\/p>\r\n<p>T\u00e9l\u00e9phone professionnel \u00a0: 0320212223<\/p>\r\n<p>Email : dpd-mutualises@lillemetropole.fr<\/p>\r\n<p>Adresse postale 2 BOULEVARD DES CITES UNIES<\/p>\r\n<p>59777 LILLE<\/p>\r\n<p>Pays FRANCE<\/p>\r\n<h6>En cas de non-respect de vos droits ou de difficult\u00e9 en lien avec la gestion de vos donn\u00e9es personnelles, vous avez le droit d\u2019introduire une r\u00e9clamation aupr\u00e8s de la Commission Nationale de l\u2019Informatique et des Libert\u00e9s (CNIL), autorit\u00e9 de contr\u00f4le en charge du respect des obligations en mati\u00e8re de donn\u00e9es \u00e0 caract\u00e8re personnel.<\/h6>\r\n","protected":false},"excerpt":{"rendered":"<p>Mairie de Toufflers CHARTE DE PROTECTION DES DONN\u00c9ES. &nbsp; Dans le cadre de son activit\u00e9, la mairie de Toufflers en qualit\u00e9 de responsable de traitement, est susceptible de collecter et traiter des donn\u00e9es \u00e0 caract\u00e8re personnel, notamment celles de ses usagers ainsi que celles des personnes avec qui elle entre en relation dans le cadre de ses diff\u00e9rentes missions. L&#8217;ensemble [&hellip;]<\/p>\n","protected":false},"author":1,"featured_media":0,"parent":0,"menu_order":0,"comment_status":"closed","ping_status":"closed","template":"","meta":{"footnotes":""},"class_list":["post-3","page","type-page","status-publish","hentry"],"yoast_head":"<!-- This site is optimized with the Yoast SEO plugin v27.4 - https:\/\/yoast.com\/product\/yoast-seo-wordpress\/ -->\n<title>Politique de confidentialit\u00e9 - Toufflers<\/title>\n<meta name=\"robots\" content=\"index, follow, max-snippet:-1, max-image-preview:large, max-video-preview:-1\" \/>\n<link rel=\"canonical\" href=\"https:\/\/toufflers.fr\/index.php\/politique-de-confidentialite\/\" \/>\n<meta property=\"og:locale\" content=\"fr_FR\" \/>\n<meta property=\"og:type\" content=\"article\" \/>\n<meta property=\"og:title\" content=\"Politique de confidentialit\u00e9 - Toufflers\" \/>\n<meta property=\"og:description\" content=\"Mairie de Toufflers CHARTE DE PROTECTION DES DONN\u00c9ES. &nbsp; Dans le cadre de son activit\u00e9, la mairie de Toufflers en qualit\u00e9 de responsable de traitement, est susceptible de collecter et traiter des donn\u00e9es \u00e0 caract\u00e8re personnel, notamment celles de ses usagers ainsi que celles des personnes avec qui elle entre en relation dans le cadre de ses diff\u00e9rentes missions. L&#8217;ensemble [&hellip;]\" \/>\n<meta property=\"og:url\" content=\"https:\/\/toufflers.fr\/index.php\/politique-de-confidentialite\/\" \/>\n<meta property=\"og:site_name\" content=\"Toufflers\" \/>\n<meta property=\"article:publisher\" content=\"https:\/\/www.facebook.com\/people\/Mairie-de-Toufflers\/100064872632846\/?fref=ts\" \/>\n<meta property=\"article:modified_time\" content=\"2026-04-19T15:29:50+00:00\" \/>\n<meta name=\"twitter:card\" content=\"summary_large_image\" \/>\n<meta name=\"twitter:label1\" content=\"Dur\u00e9e de lecture estim\u00e9e\" \/>\n\t<meta name=\"twitter:data1\" content=\"7 minutes\" \/>\n<script type=\"application\/ld+json\" class=\"yoast-schema-graph\">{\"@context\":\"https:\\\/\\\/schema.org\",\"@graph\":[{\"@type\":\"WebPage\",\"@id\":\"https:\\\/\\\/toufflers.fr\\\/index.php\\\/politique-de-confidentialite\\\/\",\"url\":\"https:\\\/\\\/toufflers.fr\\\/index.php\\\/politique-de-confidentialite\\\/\",\"name\":\"Politique de confidentialit\u00e9 - Toufflers\",\"isPartOf\":{\"@id\":\"https:\\\/\\\/toufflers.fr\\\/#website\"},\"datePublished\":\"2024-02-01T15:04:40+00:00\",\"dateModified\":\"2026-04-19T15:29:50+00:00\",\"breadcrumb\":{\"@id\":\"https:\\\/\\\/toufflers.fr\\\/index.php\\\/politique-de-confidentialite\\\/#breadcrumb\"},\"inLanguage\":\"fr-FR\",\"potentialAction\":[{\"@type\":\"ReadAction\",\"target\":[\"https:\\\/\\\/toufflers.fr\\\/index.php\\\/politique-de-confidentialite\\\/\"]}]},{\"@type\":\"BreadcrumbList\",\"@id\":\"https:\\\/\\\/toufflers.fr\\\/index.php\\\/politique-de-confidentialite\\\/#breadcrumb\",\"itemListElement\":[{\"@type\":\"ListItem\",\"position\":1,\"name\":\"Accueil\",\"item\":\"https:\\\/\\\/toufflers.fr\\\/\"},{\"@type\":\"ListItem\",\"position\":2,\"name\":\"Politique de confidentialit\u00e9\"}]},{\"@type\":\"WebSite\",\"@id\":\"https:\\\/\\\/toufflers.fr\\\/#website\",\"url\":\"https:\\\/\\\/toufflers.fr\\\/\",\"name\":\"Toufflers\",\"description\":\"\",\"publisher\":{\"@id\":\"https:\\\/\\\/toufflers.fr\\\/#organization\"},\"potentialAction\":[{\"@type\":\"SearchAction\",\"target\":{\"@type\":\"EntryPoint\",\"urlTemplate\":\"https:\\\/\\\/toufflers.fr\\\/?s={search_term_string}\"},\"query-input\":{\"@type\":\"PropertyValueSpecification\",\"valueRequired\":true,\"valueName\":\"search_term_string\"}}],\"inLanguage\":\"fr-FR\"},{\"@type\":\"Organization\",\"@id\":\"https:\\\/\\\/toufflers.fr\\\/#organization\",\"name\":\"Toufflers\",\"url\":\"https:\\\/\\\/toufflers.fr\\\/\",\"logo\":{\"@type\":\"ImageObject\",\"inLanguage\":\"fr-FR\",\"@id\":\"https:\\\/\\\/toufflers.fr\\\/#\\\/schema\\\/logo\\\/image\\\/\",\"url\":\"https:\\\/\\\/toufflers.fr\\\/wp-content\\\/uploads\\\/2024\\\/02\\\/Logo-site.png\",\"contentUrl\":\"https:\\\/\\\/toufflers.fr\\\/wp-content\\\/uploads\\\/2024\\\/02\\\/Logo-site.png\",\"width\":2560,\"height\":721,\"caption\":\"Toufflers\"},\"image\":{\"@id\":\"https:\\\/\\\/toufflers.fr\\\/#\\\/schema\\\/logo\\\/image\\\/\"},\"sameAs\":[\"https:\\\/\\\/www.facebook.com\\\/people\\\/Mairie-de-Toufflers\\\/100064872632846\\\/?fref=ts\"]}]}<\/script>\n<!-- \/ Yoast SEO plugin. -->","yoast_head_json":{"title":"Politique de confidentialit\u00e9 - Toufflers","robots":{"index":"index","follow":"follow","max-snippet":"max-snippet:-1","max-image-preview":"max-image-preview:large","max-video-preview":"max-video-preview:-1"},"canonical":"https:\/\/toufflers.fr\/index.php\/politique-de-confidentialite\/","og_locale":"fr_FR","og_type":"article","og_title":"Politique de confidentialit\u00e9 - Toufflers","og_description":"Mairie de Toufflers CHARTE DE PROTECTION DES DONN\u00c9ES. &nbsp; Dans le cadre de son activit\u00e9, la mairie de Toufflers en qualit\u00e9 de responsable de traitement, est susceptible de collecter et traiter des donn\u00e9es \u00e0 caract\u00e8re personnel, notamment celles de ses usagers ainsi que celles des personnes avec qui elle entre en relation dans le cadre de ses diff\u00e9rentes missions. L&#8217;ensemble [&hellip;]","og_url":"https:\/\/toufflers.fr\/index.php\/politique-de-confidentialite\/","og_site_name":"Toufflers","article_publisher":"https:\/\/www.facebook.com\/people\/Mairie-de-Toufflers\/100064872632846\/?fref=ts","article_modified_time":"2026-04-19T15:29:50+00:00","twitter_card":"summary_large_image","twitter_misc":{"Dur\u00e9e de lecture estim\u00e9e":"7 minutes"},"schema":{"@context":"https:\/\/schema.org","@graph":[{"@type":"WebPage","@id":"https:\/\/toufflers.fr\/index.php\/politique-de-confidentialite\/","url":"https:\/\/toufflers.fr\/index.php\/politique-de-confidentialite\/","name":"Politique de confidentialit\u00e9 - Toufflers","isPartOf":{"@id":"https:\/\/toufflers.fr\/#website"},"datePublished":"2024-02-01T15:04:40+00:00","dateModified":"2026-04-19T15:29:50+00:00","breadcrumb":{"@id":"https:\/\/toufflers.fr\/index.php\/politique-de-confidentialite\/#breadcrumb"},"inLanguage":"fr-FR","potentialAction":[{"@type":"ReadAction","target":["https:\/\/toufflers.fr\/index.php\/politique-de-confidentialite\/"]}]},{"@type":"BreadcrumbList","@id":"https:\/\/toufflers.fr\/index.php\/politique-de-confidentialite\/#breadcrumb","itemListElement":[{"@type":"ListItem","position":1,"name":"Accueil","item":"https:\/\/toufflers.fr\/"},{"@type":"ListItem","position":2,"name":"Politique de confidentialit\u00e9"}]},{"@type":"WebSite","@id":"https:\/\/toufflers.fr\/#website","url":"https:\/\/toufflers.fr\/","name":"Toufflers","description":"","publisher":{"@id":"https:\/\/toufflers.fr\/#organization"},"potentialAction":[{"@type":"SearchAction","target":{"@type":"EntryPoint","urlTemplate":"https:\/\/toufflers.fr\/?s={search_term_string}"},"query-input":{"@type":"PropertyValueSpecification","valueRequired":true,"valueName":"search_term_string"}}],"inLanguage":"fr-FR"},{"@type":"Organization","@id":"https:\/\/toufflers.fr\/#organization","name":"Toufflers","url":"https:\/\/toufflers.fr\/","logo":{"@type":"ImageObject","inLanguage":"fr-FR","@id":"https:\/\/toufflers.fr\/#\/schema\/logo\/image\/","url":"https:\/\/toufflers.fr\/wp-content\/uploads\/2024\/02\/Logo-site.png","contentUrl":"https:\/\/toufflers.fr\/wp-content\/uploads\/2024\/02\/Logo-site.png","width":2560,"height":721,"caption":"Toufflers"},"image":{"@id":"https:\/\/toufflers.fr\/#\/schema\/logo\/image\/"},"sameAs":["https:\/\/www.facebook.com\/people\/Mairie-de-Toufflers\/100064872632846\/?fref=ts"]}]}},"_links":{"self":[{"href":"https:\/\/toufflers.fr\/index.php\/wp-json\/wp\/v2\/pages\/3","targetHints":{"allow":["GET"]}}],"collection":[{"href":"https:\/\/toufflers.fr\/index.php\/wp-json\/wp\/v2\/pages"}],"about":[{"href":"https:\/\/toufflers.fr\/index.php\/wp-json\/wp\/v2\/types\/page"}],"author":[{"embeddable":true,"href":"https:\/\/toufflers.fr\/index.php\/wp-json\/wp\/v2\/users\/1"}],"replies":[{"embeddable":true,"href":"https:\/\/toufflers.fr\/index.php\/wp-json\/wp\/v2\/comments?post=3"}],"version-history":[{"count":1,"href":"https:\/\/toufflers.fr\/index.php\/wp-json\/wp\/v2\/pages\/3\/revisions"}],"predecessor-version":[{"id":6521,"href":"https:\/\/toufflers.fr\/index.php\/wp-json\/wp\/v2\/pages\/3\/revisions\/6521"}],"wp:attachment":[{"href":"https:\/\/toufflers.fr\/index.php\/wp-json\/wp\/v2\/media?parent=3"}],"curies":[{"name":"wp","href":"https:\/\/api.w.org\/{rel}","templated":true}]}}