{"id":2798,"date":"2020-05-11T15:58:49","date_gmt":"2020-05-11T13:58:49","guid":{"rendered":"http:\/\/toufflers.fr\/?page_id=2798"},"modified":"2025-01-17T10:13:02","modified_gmt":"2025-01-17T09:13:02","slug":"cadre-de-vie","status":"publish","type":"page","link":"https:\/\/toufflers.fr\/index.php\/cadre-de-vie\/","title":{"rendered":"Cadre de vie"},"content":{"rendered":"[spb_text_block animation=&#8221;none&#8221; animation_delay=&#8221;0&#8243; simplified_controls=&#8221;yes&#8221; custom_css_percentage=&#8221;no&#8221; padding_vertical=&#8221;0&#8243; padding_horizontal=&#8221;0&#8243; margin_vertical=&#8221;0&#8243; custom_css=&#8221;margin-top: 0px;margin-bottom: 0px;&#8221; border_size=&#8221;0&#8243; border_styling_global=&#8221;default&#8221; width=&#8221;1\/1&#8243; el_position=&#8221;first last&#8221;]\n<h2 style=\"text-align: justify;\">Parce que bien vivre, c\u2019est vivre au sein d\u2019une ville propre et belle, la municipalit\u00e9 a mis l\u2019accent sur le cadre vie en multipliant les initiatives propres \u00e0 d\u00e9velopper les actions citoyennes. Avec sa participation au classement des villes fleuries, venant r\u00e9compenser \u00e0 la fois le fleurissement mais \u00e9galement le respect de l\u2019environnement, Toufflers peut \u00eatre fi\u00e8re de son cadre de vie.<\/h2>\n<h4>Des rues propres<\/h4>\n<p style=\"text-align: justify;\">Toufflers se mobilise pour vous offrir un cadre plaisant, \u00e0 la fois respectueux de son environnement et adapt\u00e9 \u00e0 vos besoins de tous les jours. Tout est fait pour que chacun trouve sa place, que la nature retrouve ses droits dans le village \u00e0 travers les jardins, squares et autres espaces verts.<\/p>\n<p style=\"text-align: justify;\">Dans un village qui se pr\u00e9pare \u00e0 accueillir une croissance de sa population au cours des vingt prochaines ann\u00e9es, le d\u00e9veloppement et la requalification du logement restent une question centrale qui concerne tout le monde.<\/p>\n<p>&nbsp;<\/p>\n<p><b><span style=\"font-size: 20px;\" data-fusion-font=\"true\">\u2013 Bien vivre ensemble : les r\u00e8gles de bon sens et de civisme pour faciliter les relations entre voisins<br \/>\n<\/span><\/b><\/p>\n<p style=\"text-align: justify;\">Quelques r\u00e8gles de bon sens et de civisme sont \u00e0 observer pour faciliter les relations entre voisins et dans la commune en g\u00e9n\u00e9ral.<\/p>\n<p style=\"text-align: justify;\">Voici un petit aper\u00e7u de celles qui donnent le plus souvent lieu \u00e0 probl\u00e8mes :<\/p>\n<p>Leur entretien et leur r\u00e9paration sont bien s\u00fbr \u00e0 la charge de la ville, au titre de la voirie, mais leur nettoyage, balayage, retrait des papiers, d\u00e9tritus, mauvaises herbes, boue, neige ou verglas revient \u00e0 chaque riverain.<\/p>\n<p>&nbsp;<\/p>\n<p>Ces haies doivent \u00eatre taill\u00e9es r\u00e9guli\u00e8rement et ne pas empi\u00e9ter sur le trottoir, afin de ne pas g\u00eaner le passage des pi\u00e9tons, des personnes \u00e0 mobilit\u00e9 r\u00e9duite et des voitures d\u2019enfant. Elles ne doivent pas non plus g\u00eaner la visibilit\u00e9 des panneaux de signalisation routi\u00e8re.<\/p>\n<p>&nbsp;<\/p>\n<p>La hauteur \u00e0 respecter est en fonction de la distance de retrait de votre haie ou de vos arbustes par rapport \u00e0 la limite s\u00e9parative des propri\u00e9t\u00e9s : pour une hauteur d\u00e9passant 2 m\u00e8tres, le retrait doit \u00eatre au moins \u00e9gal \u00e0 2 m\u00e8tres, et pour une hauteur inf\u00e9rieure \u00e0 2 m\u00e8tres, ce retrait doit \u00eatre au moins \u00e9gal \u00e0 50 centim\u00e8tres.<\/p>\n<p>Ces normes r\u00e9sultent de l\u2019article 671 du code civil qui s\u2019applique partout, sauf r\u00e8glements locaux qui n\u2019existent pas sur notre commune.<\/p>\n<p>&nbsp;<\/p>\n<p>Les r\u00e8gles ci-dessus s\u2019appliquent aussi pour les arbres. Il en d\u00e9coule que tout arbre plant\u00e9 \u00e0 plus de 2 m\u00e8tres de la limite s\u00e9parative n\u2019est pas frapp\u00e9 par une limitation de hauteur sur le plan l\u00e9gal, sauf pr\u00e9judice d\u00e9montr\u00e9 (perte d\u2019ensoleillement, accumulation probl\u00e9matique de feuilles sur le toit par exemple).<\/p>\n<p><u>Attention :<\/u> l\u2019accumulation prolong\u00e9e, au pied des arbres ou des haies, de branchages morts provenant de la taille et non \u00e9limin\u00e9s entra\u00eene l\u2019apparition des nuisibles tels que les rats.<\/p>\n<p>Enfin, si les branches d\u2019un arbre d\u00e9passent sur la propri\u00e9t\u00e9 du voisin, celui-ci peut demander l\u2019\u00e9lagage des branches, mais ne peut en aucun cas le faire lui-m\u00eame [article 673 du code civil auquel on peut d\u00e9roger d\u2019un commun accord].<\/p>\n<p>&nbsp;<\/p>\n<p>La servitude du tour d\u2019\u00e9chelle vous autorise \u00e0 passer chez votre voisin pour effectuer des travaux, mais pas \u00e0 n\u2019importe quelles conditions. Les travaux doivent \u00eatre indispensables, le passage limit\u00e9 dans le temps et dans l\u2019espace. De plus, cela ne vous dispense pas de prendre certaines pr\u00e9cautions pour ne pas causer de d\u00e9gradations chez votre voisin, qui pourrait vous demander une indemnit\u00e9. Enfin, le jour de l\u2019intervention doit \u00eatre d\u00e9termin\u00e9 en commun accord.<\/p>\n<p>&nbsp;<\/p>\n<p>Une circulaire minist\u00e9rielle pr\u00e9cise que, d\u00e9sormais, dans le cadre de la lutte contre la pollution de l\u2019air, <i>\u00ab\u00a0le br\u00fblage de d\u00e9chets verts issus de la tonte des pelouses, de la taille des haies et d\u2019arbustes, d\u2019\u00e9lagages, de d\u00e9broussaillements et autres pratiques similaires sont assimil\u00e9s \u00e0 des d\u00e9chets m\u00e9nagers\u00a0\u00bb<\/i>. En effet, ceux-ci am\u00e8nent des quantit\u00e9s de importantes de polluants dans l\u2019air : particules, hydrocarbures, monoxyde de carbone,\u2026 Sans parler des troubles pour le voisinage : odeurs, risques pour la s\u00e9curit\u00e9, la sant\u00e9 ou la salubrit\u00e9 !<\/p>\n<p>\u00c0 ce titre, il est interdit de les br\u00fbler dans les jardins, il faut les d\u00e9poser en d\u00e9ch\u00e8teries.<\/p>\n<p>&nbsp;<\/p>\n<p>Bien des personnes pensent que seul le tapage nocturne (de 22h00 \u00e0 7h00 du matin) constitue une infraction p\u00e9nale. Ce n\u2019est pas le cas. On n\u2019a pas le droit de troubler la tranquillit\u00e9 d\u2019autrui, de jour comme de nuit. Certes, l\u2019appr\u00e9ciation sera diff\u00e9rente selon l\u2019heure, mais d\u00e9sormais l\u2019auteur d\u2019un bruit excessif encourt une sanction p\u00e9nale, \u00e0 savoir une amende pouvant aller jusqu\u2019\u00e0 450\u20ac.<\/p>\n<p>Certaines activit\u00e9s sont encadr\u00e9es par des arr\u00eat\u00e9s pr\u00e9fectoraux, municipaux ou de simples r\u00e8gles de savoir-vivre ; c\u2019est le cas notamment des petits travaux de bricolage ou de jardin, comme tondre sa pelouse. On consid\u00e8re par exemple que les travaux sont limit\u00e9s \u00e0 une tranche horaire comprise entre 10H et 12H pour les dimanches et les jours f\u00e9ri\u00e9s.<\/p>\n<p>Si vous \u00eates victime de bruit excessif, la premi\u00e8re d\u00e9marche reste avant tout d\u2019aller voir votre voisin, voire de faire appel au conciliateur.<\/p>\n<p><a href=\"https:\/\/toufflers.fr\/wp-content\/uploads\/2025\/01\/Arrete-prefectoral-bruit-Nord.pdf\" target=\"_blank\" rel=\"noopener noreferrer\">Arr\u00eat\u00e9 pr\u00e9fectoral 59 du 6 mai 1996 \u2013 Bruits de voisinage<\/a><\/p>\n<p>&nbsp;<\/p>\n<p>Chaque propri\u00e9taire est civilement responsable de son animal, c\u2019est-\u00e0-dire de tous les d\u00e9g\u00e2ts caus\u00e9s au voisinage par l\u2019animal.<\/p>\n<p>Les chiens en particulier n\u2019ont pas le droit de divaguer sur la voie publique sans \u00eatre tenus en laisse, et encore moins seuls. Certaines races de chiens doivent m\u00eame obligatoirement porter une museli\u00e8re.<\/p>\n<p>Les aboiements intempestifs des chiens sont soumis \u00e0 la l\u00e9gislation sur le bruit et ne doivent pas troubler le voisinage. En cas d\u2019aboiements longs et r\u00e9p\u00e9t\u00e9s, les voisins peuvent faire appel aux forces de police qui, si n\u00e9cessaire, pourront constater l\u2019infraction et dresser un proc\u00e8s-verbal.<\/p>\n<p>Enfin, il faut rappeler que les propri\u00e9taires de chiens (mais aussi de chats) ont l\u2019obligation de ramasser les d\u00e9jections de leur animal sur les trottoirs et les espaces verts. Ce simple geste d\u2019hygi\u00e8ne publique est particuli\u00e8rement demand\u00e9 dans les espaces o\u00f9 de nombreux parents font jouer leurs jeunes enfants.<\/p>\n<h4>Le cas des chiens \u00ab\u00a0cat\u00e9goris\u00e9s\u00a0\u00bb<\/h4>\n<p>La d\u00e9tention d\u2019un chien pouvant \u00eatre dangereux (chiens d\u2019attaque, de garde ou de d\u00e9fense) n\u00e9cessite un permis qui doit \u00eatre renouvel\u00e9 r\u00e9guli\u00e8rement selon la <i>\u00ab\u00a0dangerosit\u00e9\u00a0\u00bb<\/i> du chien. La d\u00e9livrance de ce permis se fait suite \u00e0 une formation d\u2019aptitude \u00e0 la d\u00e9tention de l\u2019animal et d\u2019une \u00e9valuation comportementale de ce dernier. Avoir un chien pouvant \u00eatre dangereux sans permis fait l\u2019objet de sanctions.<\/p>\n<p><a href=\"https:\/\/www.service-public.fr\/particuliers\/vosdroits\/F1839\" target=\"_blank\" rel=\"noopener noreferrer\">Chiens cat\u00e9goris\u00e9s : conditions de d\u00e9tention, description, interdictions et obligations<\/a><\/p>\n<p>Tous les probl\u00e8mes de voisinage devraient pouvoir se r\u00e9soudre par le dialogue et la concertation. Lorsque malheureusement ce n\u2019est pas ou plus possible, seule la voie judiciaire peut trancher les conflits.<\/p>\n<p>Cependant, avant d\u2019en arriver \u00e0 cette solution extr\u00eame, il est pr\u00e9f\u00e9rable de recourir au conciliateur de justice qui peut, dans la majorit\u00e9 des cas, trouver des solutions amiables. Son intervention est gratuite.<\/p>\n<p>Pour notre commune, Monsieur ROSSES, conciliateur de justice, tient des permanences \u00e0 Lys-Lez-Lannoy.<\/p>\n<p>D\u00e9veloppement durable \u2013 Agenda 21<\/p>\n<p>&nbsp;<\/p>\n<div class=\"su-column su-column-size-1-2\">\n<div class=\"su-column-inner su-clearfix\">\n<p style=\"text-align: justify;\"><strong>L\u2019agenda 21 est un programme d\u00b4actions pour le 21\u00e8me si\u00e8cle orient\u00e9 vers le d\u00e9veloppement durable. Il a \u00e9t\u00e9 adopt\u00e9 par les pays signataires de la D\u00e9claration de Rio de Janeiro en juin 1992. Ses principales fonctions sont la lutte contre la pauvret\u00e9 et l\u00b4exclusion sociale, la production de biens et de services durables, la protection de l\u00b4environnement.<\/strong><\/p>\n<p style=\"text-align: justify;\">Il repose sur un plan strat\u00e9gique qui permet de donner une perspective \u00e0 long terme et un plan op\u00e9rationnel qui fixe des objectifs concrets d\u00e8s maintenant. Ce plan repose sur 4 piliers : \u00c9conomique \u2013 Environnemental \u2013 Social \u2013 Gouvernance.<\/p>\n<p style=\"text-align: justify;\">Il a plusieurs objectifs :<br \/>\n\u2013 Am\u00e9liorer les actions de la collectivit\u00e9 au regard des principes du d\u00e9veloppement durable ;<br \/>\n\u2013 Inciter les partenaires de la ville \u00e0 agir \u00e0 leur niveau (particuliers, entreprises, associations, etc.) ;<br \/>\n\u2013 Restaurer le lien d\u00e9mocratique avec la collectivit\u00e9 en favorisant la participation citoyenne.<\/p>\n<\/div>\n<\/div>\n<p>&nbsp;<\/p>\n<div class=\"su-column su-column-size-1-2\">\n<div class=\"su-column-inner su-clearfix\">\n<p style=\"text-align: justify;\">\n<\/div>\n<\/div>\n<p>&nbsp;<\/p>\n[\/spb_text_block]\n","protected":false},"excerpt":{"rendered":"<p>[spb_text_block animation=&#8221;none&#8221; animation_delay=&#8221;0&#8243; simplified_controls=&#8221;yes&#8221; custom_css_percentage=&#8221;no&#8221; padding_vertical=&#8221;0&#8243; padding_horizontal=&#8221;0&#8243; margin_vertical=&#8221;0&#8243; custom_css=&#8221;margin-top: 0px;margin-bottom: 0px;&#8221; border_size=&#8221;0&#8243; border_styling_global=&#8221;default&#8221; width=&#8221;1\/1&#8243; el_position=&#8221;first last&#8221;] Parce que bien vivre, c\u2019est vivre au sein d\u2019une ville propre et belle, la municipalit\u00e9 a mis l\u2019accent sur le cadre vie en multipliant les initiatives propres \u00e0 d\u00e9velopper les actions citoyennes. Avec sa participation au classement des villes fleuries, venant r\u00e9compenser \u00e0 la [&hellip;]<\/p>\n","protected":false},"author":1,"featured_media":0,"parent":0,"menu_order":0,"comment_status":"closed","ping_status":"closed","template":"","meta":{"footnotes":""},"class_list":["post-2798","page","type-page","status-publish","hentry"],"yoast_head":"<!-- This site is optimized with the Yoast SEO plugin v27.3 - https:\/\/yoast.com\/product\/yoast-seo-wordpress\/ -->\n<title>Cadre de vie - Toufflers<\/title>\n<meta name=\"robots\" content=\"index, follow, max-snippet:-1, max-image-preview:large, max-video-preview:-1\" \/>\n<link rel=\"canonical\" href=\"https:\/\/toufflers.fr\/index.php\/cadre-de-vie\/\" \/>\n<meta property=\"og:locale\" content=\"fr_FR\" \/>\n<meta property=\"og:type\" content=\"article\" \/>\n<meta property=\"og:title\" content=\"Cadre de vie - Toufflers\" \/>\n<meta property=\"og:description\" content=\"[spb_text_block animation=&#8221;none&#8221; animation_delay=&#8221;0&#8243; simplified_controls=&#8221;yes&#8221; custom_css_percentage=&#8221;no&#8221; padding_vertical=&#8221;0&#8243; padding_horizontal=&#8221;0&#8243; margin_vertical=&#8221;0&#8243; custom_css=&#8221;margin-top: 0px;margin-bottom: 0px;&#8221; border_size=&#8221;0&#8243; border_styling_global=&#8221;default&#8221; width=&#8221;1\/1&#8243; el_position=&#8221;first last&#8221;] Parce que bien vivre, c\u2019est vivre au sein d\u2019une ville propre et belle, la municipalit\u00e9 a mis l\u2019accent sur le cadre vie en multipliant les initiatives propres \u00e0 d\u00e9velopper les actions citoyennes. Avec sa participation au classement des villes fleuries, venant r\u00e9compenser \u00e0 la [&hellip;]\" \/>\n<meta property=\"og:url\" content=\"https:\/\/toufflers.fr\/index.php\/cadre-de-vie\/\" \/>\n<meta property=\"og:site_name\" content=\"Toufflers\" \/>\n<meta property=\"article:publisher\" content=\"https:\/\/www.facebook.com\/people\/Mairie-de-Toufflers\/100064872632846\/?fref=ts\" \/>\n<meta property=\"article:modified_time\" content=\"2025-01-17T09:13:02+00:00\" \/>\n<meta name=\"twitter:card\" content=\"summary_large_image\" \/>\n<meta name=\"twitter:label1\" content=\"Dur\u00e9e de lecture estim\u00e9e\" \/>\n\t<meta name=\"twitter:data1\" content=\"7 minutes\" \/>\n<script type=\"application\/ld+json\" class=\"yoast-schema-graph\">{\"@context\":\"https:\\\/\\\/schema.org\",\"@graph\":[{\"@type\":\"WebPage\",\"@id\":\"https:\\\/\\\/toufflers.fr\\\/index.php\\\/cadre-de-vie\\\/\",\"url\":\"https:\\\/\\\/toufflers.fr\\\/index.php\\\/cadre-de-vie\\\/\",\"name\":\"Cadre de vie - Toufflers\",\"isPartOf\":{\"@id\":\"https:\\\/\\\/toufflers.fr\\\/#website\"},\"datePublished\":\"2020-05-11T13:58:49+00:00\",\"dateModified\":\"2025-01-17T09:13:02+00:00\",\"breadcrumb\":{\"@id\":\"https:\\\/\\\/toufflers.fr\\\/index.php\\\/cadre-de-vie\\\/#breadcrumb\"},\"inLanguage\":\"fr-FR\",\"potentialAction\":[{\"@type\":\"ReadAction\",\"target\":[\"https:\\\/\\\/toufflers.fr\\\/index.php\\\/cadre-de-vie\\\/\"]}]},{\"@type\":\"BreadcrumbList\",\"@id\":\"https:\\\/\\\/toufflers.fr\\\/index.php\\\/cadre-de-vie\\\/#breadcrumb\",\"itemListElement\":[{\"@type\":\"ListItem\",\"position\":1,\"name\":\"Accueil\",\"item\":\"https:\\\/\\\/toufflers.fr\\\/\"},{\"@type\":\"ListItem\",\"position\":2,\"name\":\"Cadre de vie\"}]},{\"@type\":\"WebSite\",\"@id\":\"https:\\\/\\\/toufflers.fr\\\/#website\",\"url\":\"https:\\\/\\\/toufflers.fr\\\/\",\"name\":\"Toufflers\",\"description\":\"\",\"publisher\":{\"@id\":\"https:\\\/\\\/toufflers.fr\\\/#organization\"},\"potentialAction\":[{\"@type\":\"SearchAction\",\"target\":{\"@type\":\"EntryPoint\",\"urlTemplate\":\"https:\\\/\\\/toufflers.fr\\\/?s={search_term_string}\"},\"query-input\":{\"@type\":\"PropertyValueSpecification\",\"valueRequired\":true,\"valueName\":\"search_term_string\"}}],\"inLanguage\":\"fr-FR\"},{\"@type\":\"Organization\",\"@id\":\"https:\\\/\\\/toufflers.fr\\\/#organization\",\"name\":\"Toufflers\",\"url\":\"https:\\\/\\\/toufflers.fr\\\/\",\"logo\":{\"@type\":\"ImageObject\",\"inLanguage\":\"fr-FR\",\"@id\":\"https:\\\/\\\/toufflers.fr\\\/#\\\/schema\\\/logo\\\/image\\\/\",\"url\":\"https:\\\/\\\/toufflers.fr\\\/wp-content\\\/uploads\\\/2024\\\/02\\\/Logo-site.png\",\"contentUrl\":\"https:\\\/\\\/toufflers.fr\\\/wp-content\\\/uploads\\\/2024\\\/02\\\/Logo-site.png\",\"width\":2560,\"height\":721,\"caption\":\"Toufflers\"},\"image\":{\"@id\":\"https:\\\/\\\/toufflers.fr\\\/#\\\/schema\\\/logo\\\/image\\\/\"},\"sameAs\":[\"https:\\\/\\\/www.facebook.com\\\/people\\\/Mairie-de-Toufflers\\\/100064872632846\\\/?fref=ts\"]}]}<\/script>\n<!-- \/ Yoast SEO plugin. -->","yoast_head_json":{"title":"Cadre de vie - Toufflers","robots":{"index":"index","follow":"follow","max-snippet":"max-snippet:-1","max-image-preview":"max-image-preview:large","max-video-preview":"max-video-preview:-1"},"canonical":"https:\/\/toufflers.fr\/index.php\/cadre-de-vie\/","og_locale":"fr_FR","og_type":"article","og_title":"Cadre de vie - Toufflers","og_description":"[spb_text_block animation=&#8221;none&#8221; animation_delay=&#8221;0&#8243; simplified_controls=&#8221;yes&#8221; custom_css_percentage=&#8221;no&#8221; padding_vertical=&#8221;0&#8243; padding_horizontal=&#8221;0&#8243; margin_vertical=&#8221;0&#8243; custom_css=&#8221;margin-top: 0px;margin-bottom: 0px;&#8221; border_size=&#8221;0&#8243; border_styling_global=&#8221;default&#8221; width=&#8221;1\/1&#8243; el_position=&#8221;first last&#8221;] Parce que bien vivre, c\u2019est vivre au sein d\u2019une ville propre et belle, la municipalit\u00e9 a mis l\u2019accent sur le cadre vie en multipliant les initiatives propres \u00e0 d\u00e9velopper les actions citoyennes. Avec sa participation au classement des villes fleuries, venant r\u00e9compenser \u00e0 la [&hellip;]","og_url":"https:\/\/toufflers.fr\/index.php\/cadre-de-vie\/","og_site_name":"Toufflers","article_publisher":"https:\/\/www.facebook.com\/people\/Mairie-de-Toufflers\/100064872632846\/?fref=ts","article_modified_time":"2025-01-17T09:13:02+00:00","twitter_card":"summary_large_image","twitter_misc":{"Dur\u00e9e de lecture estim\u00e9e":"7 minutes"},"schema":{"@context":"https:\/\/schema.org","@graph":[{"@type":"WebPage","@id":"https:\/\/toufflers.fr\/index.php\/cadre-de-vie\/","url":"https:\/\/toufflers.fr\/index.php\/cadre-de-vie\/","name":"Cadre de vie - Toufflers","isPartOf":{"@id":"https:\/\/toufflers.fr\/#website"},"datePublished":"2020-05-11T13:58:49+00:00","dateModified":"2025-01-17T09:13:02+00:00","breadcrumb":{"@id":"https:\/\/toufflers.fr\/index.php\/cadre-de-vie\/#breadcrumb"},"inLanguage":"fr-FR","potentialAction":[{"@type":"ReadAction","target":["https:\/\/toufflers.fr\/index.php\/cadre-de-vie\/"]}]},{"@type":"BreadcrumbList","@id":"https:\/\/toufflers.fr\/index.php\/cadre-de-vie\/#breadcrumb","itemListElement":[{"@type":"ListItem","position":1,"name":"Accueil","item":"https:\/\/toufflers.fr\/"},{"@type":"ListItem","position":2,"name":"Cadre de vie"}]},{"@type":"WebSite","@id":"https:\/\/toufflers.fr\/#website","url":"https:\/\/toufflers.fr\/","name":"Toufflers","description":"","publisher":{"@id":"https:\/\/toufflers.fr\/#organization"},"potentialAction":[{"@type":"SearchAction","target":{"@type":"EntryPoint","urlTemplate":"https:\/\/toufflers.fr\/?s={search_term_string}"},"query-input":{"@type":"PropertyValueSpecification","valueRequired":true,"valueName":"search_term_string"}}],"inLanguage":"fr-FR"},{"@type":"Organization","@id":"https:\/\/toufflers.fr\/#organization","name":"Toufflers","url":"https:\/\/toufflers.fr\/","logo":{"@type":"ImageObject","inLanguage":"fr-FR","@id":"https:\/\/toufflers.fr\/#\/schema\/logo\/image\/","url":"https:\/\/toufflers.fr\/wp-content\/uploads\/2024\/02\/Logo-site.png","contentUrl":"https:\/\/toufflers.fr\/wp-content\/uploads\/2024\/02\/Logo-site.png","width":2560,"height":721,"caption":"Toufflers"},"image":{"@id":"https:\/\/toufflers.fr\/#\/schema\/logo\/image\/"},"sameAs":["https:\/\/www.facebook.com\/people\/Mairie-de-Toufflers\/100064872632846\/?fref=ts"]}]}},"_links":{"self":[{"href":"https:\/\/toufflers.fr\/index.php\/wp-json\/wp\/v2\/pages\/2798","targetHints":{"allow":["GET"]}}],"collection":[{"href":"https:\/\/toufflers.fr\/index.php\/wp-json\/wp\/v2\/pages"}],"about":[{"href":"https:\/\/toufflers.fr\/index.php\/wp-json\/wp\/v2\/types\/page"}],"author":[{"embeddable":true,"href":"https:\/\/toufflers.fr\/index.php\/wp-json\/wp\/v2\/users\/1"}],"replies":[{"embeddable":true,"href":"https:\/\/toufflers.fr\/index.php\/wp-json\/wp\/v2\/comments?post=2798"}],"version-history":[{"count":6,"href":"https:\/\/toufflers.fr\/index.php\/wp-json\/wp\/v2\/pages\/2798\/revisions"}],"predecessor-version":[{"id":6776,"href":"https:\/\/toufflers.fr\/index.php\/wp-json\/wp\/v2\/pages\/2798\/revisions\/6776"}],"wp:attachment":[{"href":"https:\/\/toufflers.fr\/index.php\/wp-json\/wp\/v2\/media?parent=2798"}],"curies":[{"name":"wp","href":"https:\/\/api.w.org\/{rel}","templated":true}]}}