{"id":2494,"date":"2020-04-21T14:44:28","date_gmt":"2020-04-21T12:44:28","guid":{"rendered":"http:\/\/toufflers.fr\/?page_id=2494"},"modified":"2025-06-10T15:16:45","modified_gmt":"2025-06-10T13:16:45","slug":"aides-sociales","status":"publish","type":"page","link":"https:\/\/toufflers.fr\/index.php\/aides-sociales\/","title":{"rendered":"Aides sociales"},"content":{"rendered":"[spb_text_block animation=&#8221;none&#8221; animation_delay=&#8221;0&#8243; simplified_controls=&#8221;yes&#8221; custom_css_percentage=&#8221;no&#8221; padding_vertical=&#8221;0&#8243; padding_horizontal=&#8221;0&#8243; margin_vertical=&#8221;0&#8243; custom_css=&#8221;margin-top: 0px;margin-bottom: 0px;&#8221; border_size=&#8221;0&#8243; border_styling_global=&#8221;default&#8221; width=&#8221;1\/1&#8243; el_position=&#8221;first last&#8221;]\n<header class=\"entry-header\"><img loading=\"lazy\" decoding=\"async\" class=\"wp-image-6425 aligncenter\" src=\"http:\/\/2024.toufflers.fr\/wp-content\/uploads\/2024\/04\/affiche-PLIE-A3-29.7-x-42-cm-212x300.jpg\" alt=\"\" width=\"519\" height=\"734\" srcset=\"https:\/\/toufflers.fr\/wp-content\/uploads\/2024\/04\/affiche-PLIE-A3-29.7-x-42-cm-212x300.jpg 212w, https:\/\/toufflers.fr\/wp-content\/uploads\/2024\/04\/affiche-PLIE-A3-29.7-x-42-cm-724x1024.jpg 724w, https:\/\/toufflers.fr\/wp-content\/uploads\/2024\/04\/affiche-PLIE-A3-29.7-x-42-cm-768x1086.jpg 768w, https:\/\/toufflers.fr\/wp-content\/uploads\/2024\/04\/affiche-PLIE-A3-29.7-x-42-cm-1087x1536.jpg 1087w, https:\/\/toufflers.fr\/wp-content\/uploads\/2024\/04\/affiche-PLIE-A3-29.7-x-42-cm-1449x2048.jpg 1449w, https:\/\/toufflers.fr\/wp-content\/uploads\/2024\/04\/affiche-PLIE-A3-29.7-x-42-cm-scaled.jpg 1811w\" sizes=\"auto, (max-width: 519px) 100vw, 519px\" \/><\/p>\n<h1 class=\"page-title\">Aide sociale<\/h1>\n<\/header>\n<div class=\"entry-content clearfix\">\n<div id=\"modal-ready\">\n<div class=\"bloctexte\">\n<p>Personnalit\u00e9 juridique distincte, le <b>CCAS est un \u00e9tablissement public autonome en mati\u00e8re sociale. Pr\u00e9sid\u00e9 par Monsieur le Maire, il est dirig\u00e9 par un Conseil d\u2019Administration constitu\u00e9 de 6 membres \u00e9lus et de 6 membres non \u00e9lus repr\u00e9sentatifs de la population toufflersoise.<\/b><\/p>\n<p>La vocation sociale du CCAS s\u2019oriente vers tous les Toufflersois et Toufflersoises, de tout \u00e2ge, pour une aide alimentaire ou financi\u00e8re en toute <u>CONFIDENTIALIT\u00c9<\/u>.<br \/>\nCette aide, qui peut \u00eatre financi\u00e8re ou sous forme de bon d\u2019achat alimentaire, est toujours soumise \u00e0 \u00e9tude de votre dossier par le Conseil d\u2019Administration du CCAS.<\/p>\n<div class=\"su-row\">\n<div class=\"su-column su-column-size-1-2\">\n<div class=\"su-column-inner su-clearfix\">\n<p>L\u2019action sociale est en lien avec :<\/p>\n<p><b>LES INSTITUTIONS PUBLIQUES <\/b><br \/>\n\u2013 <a href=\"https:\/\/lenord.fr\/jcms\/prd2_184890\/unite-territoriale-de-prevention-et-d-action-sociale-utpas-de-roubaix\/hem\" target=\"_blank\" rel=\"noopener noreferrer\">UTPAS de Hem<\/a> : Mme CREPIN, <strong>assistante sociale<\/strong> re\u00e7oit pour le secteur de Toufflers (en Mairie de Toufflers <strong>1 fois par\u00a0mois<\/strong> sans rendez-vous et \u00e0 l\u2019UTPAS de Roubaix-Hem, 4 parvis Berthelot \u00e0 Hem sur rendez-vous).<br \/>\n<i>Prise de rendez-vous aupr\u00e8s de l\u2019UTPAS au 03.59.73.84.59 (du lundi au vendredi de 8h30 \u00e0 13h30 et de 13h30 \u00e0 17h30)<\/i><\/p>\n<p><b>LES ORGANISMES PRIVES D\u2019AIDE A DOMICILE<\/b><\/p>\n<p><b> LES ASSOCIATIONS D\u2019AIDE ET DE SECOURS<\/b><br \/>\n\u2013 <a href=\"http:\/\/lyslezlannoy.fr\/restos-du-coeur-lys-lez-lannoy-et-environs\/\" target=\"_blank\" rel=\"noopener noreferrer\">Restos du C\u0153ur<\/a>, 1 rue des Fr\u00e8res Debreux \u00e0 Lys Lez Lannoy : ouvert les mardis et jeudis de 8h45 \u00e0 11h00 ;<br \/>\n\u2013 <a href=\"http:\/\/stop-violences-femmes.gouv.fr\/\" target=\"_blank\" rel=\"noopener noreferrer\">Violence Femmes Info<\/a> : accompagnement des femmes victimes de violences (harc\u00e8lement sexuel, violences conjugales, mariage forc\u00e9, mutilations sexuelles,\u2026) <b>3919<\/b> appel gratuit et anonyme<\/p>\n<\/div>\n<\/div>\n<div class=\"su-column su-column-size-1-2\">\n<div class=\"su-column-inner su-clearfix\">\n<p>Le CCAS vous accueille en mairie et :<\/p>\n<p><b>Vous INFORME sur vos droits \u00e0 obtenir une aide l\u00e9gale :<\/b><br \/>\n\u2013 De la <a href=\"https:\/\/www.caf.fr\/\" target=\"_blank\" rel=\"noopener noreferrer\">CAF<\/a> Allocations familiales ;<br \/>\n\u2013 De la <a href=\"https:\/\/carsat-hdf.fr\/home.html\" target=\"_blank\" rel=\"noopener noreferrer\">CARSAT<\/a> Caisse de retraite ;<br \/>\n\u2013 Du <a href=\"https:\/\/lenord.fr\/jcms\/j_6\/accueil\" target=\"_blank\" rel=\"noopener noreferrer\">Conseil G\u00e9n\u00e9ral<\/a> Dossier sur demande \u00e0 l\u2019accueil.<\/p>\n<p><b>Vous ORIENTE vers une aide juridictionnelle possible par :<\/b><br \/>\n\u2013 Le <a href=\"https:\/\/fv-siavic59.fr\/\" target=\"_blank\" rel=\"noopener noreferrer\">SIAVIC<\/a> ;<br \/>\n\u2013 Une permanence gratuite de professionnels du droit \u2013 <b>sur rendez-vous au Point d\u2019Acc\u00e8s au Droit de Hem<\/b>, 31 rue des Ecoles ;<br \/>\n\u2013 Du <a href=\"https:\/\/www.service-public.fr\/particuliers\/vosdroits\/F1736\" target=\"_blank\" rel=\"noopener noreferrer\">conciliateur de justice<\/a> \u2013 <b>prise de rendez-vous en Mairie de Toufflers<\/b> pour des permanences \u00e0 Toufflers, Leers, Lannoy, Lys-Lez-Lannoy, Hem ou Baisieux.<\/p>\n<p><b>FACILITE les d\u00e9marches administratives en vous aidant \u00e0 la constitution d\u2019un dossier pour la <a href=\"https:\/\/mdph.lenord.fr\/site\/dac_50770\/accueil\" target=\"_blank\" rel=\"noopener noreferrer\">MDPH<\/a> : demande d\u2019allocation, demande de cartes d\u2019invalidit\u00e9, de prestation compensatoire handicap<\/b><br \/>\n\u2013 Pour <a href=\"https:\/\/lenord.fr\/jcms\/j_6\/accueil\" target=\"_blank\" rel=\"noopener noreferrer\">l\u2019aide sociale<\/a> : Aide \u00e0 domicile, h\u00e9bergement ;<br \/>\n\u2013 Pour vous informer sur votre <a href=\"https:\/\/www.service-public.fr\/particuliers\/vosdroits\/F2009\" target=\"_blank\" rel=\"noopener noreferrer\">obligation alimentaire<\/a> envers vos proches.<\/p>\n<p><b>PARTICIPE au financement des repas \u00e0 domicile pour les personnes \u00e2g\u00e9es ou handicap\u00e9es <\/b><\/p>\n<p><b>PROPOSE une <a href=\"https:\/\/www.service-public.fr\/particuliers\/vosdroits\/F17317\" target=\"_blank\" rel=\"noopener noreferrer\">domiciliation<\/a> \u00e0 l\u2019adresse du CCAS<\/b><br \/>\n\u2013 Pour vous permettre de recevoir votre courrier et effectuer vos d\u00e9marches administratives \u2013 <b>demande en Mairie<\/b><\/p>\n<\/div>\n<\/div>\n<\/div>\n<p><b>SOLIDAIRE, le CCAS organise<\/b> la collecte de la <a href=\"http:\/\/www.banquealimentaire.org\/?prehome=0\" target=\"_blank\" rel=\"noopener noreferrer\">Banque Alimentaire<\/a> tous les ans.<\/p>\n<p><b><span style=\"color: #fe9b00;\">Nous sommes \u00e0 votre disposition en Mairie pour vous \u00e9couter et vous orienter vers une r\u00e9ponse adapt\u00e9e \u00e0 vos besoins.<\/span><\/b><\/p>\n<\/div>\n<\/div>\n<\/div>\n[\/spb_text_block]\n","protected":false},"excerpt":{"rendered":"<p>[spb_text_block animation=&#8221;none&#8221; animation_delay=&#8221;0&#8243; simplified_controls=&#8221;yes&#8221; custom_css_percentage=&#8221;no&#8221; padding_vertical=&#8221;0&#8243; padding_horizontal=&#8221;0&#8243; margin_vertical=&#8221;0&#8243; custom_css=&#8221;margin-top: 0px;margin-bottom: 0px;&#8221; border_size=&#8221;0&#8243; border_styling_global=&#8221;default&#8221; width=&#8221;1\/1&#8243; el_position=&#8221;first last&#8221;] Aide sociale Personnalit\u00e9 juridique distincte, le CCAS est un \u00e9tablissement public autonome en mati\u00e8re sociale. Pr\u00e9sid\u00e9 par Monsieur le Maire, il est dirig\u00e9 par un Conseil d\u2019Administration constitu\u00e9 de 6 membres \u00e9lus et de 6 membres non \u00e9lus repr\u00e9sentatifs de la population toufflersoise. La [&hellip;]<\/p>\n","protected":false},"author":1,"featured_media":0,"parent":0,"menu_order":0,"comment_status":"closed","ping_status":"closed","template":"","meta":{"footnotes":""},"class_list":["post-2494","page","type-page","status-publish","hentry"],"yoast_head":"<!-- This site is optimized with the Yoast SEO plugin v27.3 - https:\/\/yoast.com\/product\/yoast-seo-wordpress\/ -->\n<title>Aides sociales - Toufflers<\/title>\n<meta name=\"robots\" content=\"index, follow, max-snippet:-1, max-image-preview:large, max-video-preview:-1\" \/>\n<link rel=\"canonical\" href=\"https:\/\/toufflers.fr\/index.php\/aides-sociales\/\" \/>\n<meta property=\"og:locale\" content=\"fr_FR\" \/>\n<meta property=\"og:type\" content=\"article\" \/>\n<meta property=\"og:title\" content=\"Aides sociales - Toufflers\" \/>\n<meta property=\"og:description\" content=\"[spb_text_block animation=&#8221;none&#8221; animation_delay=&#8221;0&#8243; simplified_controls=&#8221;yes&#8221; custom_css_percentage=&#8221;no&#8221; padding_vertical=&#8221;0&#8243; padding_horizontal=&#8221;0&#8243; margin_vertical=&#8221;0&#8243; custom_css=&#8221;margin-top: 0px;margin-bottom: 0px;&#8221; border_size=&#8221;0&#8243; border_styling_global=&#8221;default&#8221; width=&#8221;1\/1&#8243; el_position=&#8221;first last&#8221;] Aide sociale Personnalit\u00e9 juridique distincte, le CCAS est un \u00e9tablissement public autonome en mati\u00e8re sociale. Pr\u00e9sid\u00e9 par Monsieur le Maire, il est dirig\u00e9 par un Conseil d\u2019Administration constitu\u00e9 de 6 membres \u00e9lus et de 6 membres non \u00e9lus repr\u00e9sentatifs de la population toufflersoise. La [&hellip;]\" \/>\n<meta property=\"og:url\" content=\"https:\/\/toufflers.fr\/index.php\/aides-sociales\/\" \/>\n<meta property=\"og:site_name\" content=\"Toufflers\" \/>\n<meta property=\"article:publisher\" content=\"https:\/\/www.facebook.com\/people\/Mairie-de-Toufflers\/100064872632846\/?fref=ts\" \/>\n<meta property=\"article:modified_time\" content=\"2025-06-10T13:16:45+00:00\" \/>\n<meta property=\"og:image\" content=\"https:\/\/toufflers.fr\/wp-content\/uploads\/2024\/04\/affiche-PLIE-A3-29.7-x-42-cm-scaled.jpg\" \/>\n\t<meta property=\"og:image:width\" content=\"1811\" \/>\n\t<meta property=\"og:image:height\" content=\"2560\" \/>\n\t<meta property=\"og:image:type\" content=\"image\/jpeg\" \/>\n<meta name=\"twitter:card\" content=\"summary_large_image\" \/>\n<meta name=\"twitter:label1\" content=\"Dur\u00e9e de lecture estim\u00e9e\" \/>\n\t<meta name=\"twitter:data1\" content=\"3 minutes\" \/>\n<script type=\"application\/ld+json\" class=\"yoast-schema-graph\">{\"@context\":\"https:\\\/\\\/schema.org\",\"@graph\":[{\"@type\":\"WebPage\",\"@id\":\"https:\\\/\\\/toufflers.fr\\\/index.php\\\/aides-sociales\\\/\",\"url\":\"https:\\\/\\\/toufflers.fr\\\/index.php\\\/aides-sociales\\\/\",\"name\":\"Aides sociales - Toufflers\",\"isPartOf\":{\"@id\":\"https:\\\/\\\/toufflers.fr\\\/#website\"},\"primaryImageOfPage\":{\"@id\":\"https:\\\/\\\/toufflers.fr\\\/index.php\\\/aides-sociales\\\/#primaryimage\"},\"image\":{\"@id\":\"https:\\\/\\\/toufflers.fr\\\/index.php\\\/aides-sociales\\\/#primaryimage\"},\"thumbnailUrl\":\"http:\\\/\\\/2024.toufflers.fr\\\/wp-content\\\/uploads\\\/2024\\\/04\\\/affiche-PLIE-A3-29.7-x-42-cm-212x300.jpg\",\"datePublished\":\"2020-04-21T12:44:28+00:00\",\"dateModified\":\"2025-06-10T13:16:45+00:00\",\"breadcrumb\":{\"@id\":\"https:\\\/\\\/toufflers.fr\\\/index.php\\\/aides-sociales\\\/#breadcrumb\"},\"inLanguage\":\"fr-FR\",\"potentialAction\":[{\"@type\":\"ReadAction\",\"target\":[\"https:\\\/\\\/toufflers.fr\\\/index.php\\\/aides-sociales\\\/\"]}]},{\"@type\":\"ImageObject\",\"inLanguage\":\"fr-FR\",\"@id\":\"https:\\\/\\\/toufflers.fr\\\/index.php\\\/aides-sociales\\\/#primaryimage\",\"url\":\"http:\\\/\\\/2024.toufflers.fr\\\/wp-content\\\/uploads\\\/2024\\\/04\\\/affiche-PLIE-A3-29.7-x-42-cm-212x300.jpg\",\"contentUrl\":\"http:\\\/\\\/2024.toufflers.fr\\\/wp-content\\\/uploads\\\/2024\\\/04\\\/affiche-PLIE-A3-29.7-x-42-cm-212x300.jpg\"},{\"@type\":\"BreadcrumbList\",\"@id\":\"https:\\\/\\\/toufflers.fr\\\/index.php\\\/aides-sociales\\\/#breadcrumb\",\"itemListElement\":[{\"@type\":\"ListItem\",\"position\":1,\"name\":\"Accueil\",\"item\":\"https:\\\/\\\/toufflers.fr\\\/\"},{\"@type\":\"ListItem\",\"position\":2,\"name\":\"Aides sociales\"}]},{\"@type\":\"WebSite\",\"@id\":\"https:\\\/\\\/toufflers.fr\\\/#website\",\"url\":\"https:\\\/\\\/toufflers.fr\\\/\",\"name\":\"Toufflers\",\"description\":\"\",\"publisher\":{\"@id\":\"https:\\\/\\\/toufflers.fr\\\/#organization\"},\"potentialAction\":[{\"@type\":\"SearchAction\",\"target\":{\"@type\":\"EntryPoint\",\"urlTemplate\":\"https:\\\/\\\/toufflers.fr\\\/?s={search_term_string}\"},\"query-input\":{\"@type\":\"PropertyValueSpecification\",\"valueRequired\":true,\"valueName\":\"search_term_string\"}}],\"inLanguage\":\"fr-FR\"},{\"@type\":\"Organization\",\"@id\":\"https:\\\/\\\/toufflers.fr\\\/#organization\",\"name\":\"Toufflers\",\"url\":\"https:\\\/\\\/toufflers.fr\\\/\",\"logo\":{\"@type\":\"ImageObject\",\"inLanguage\":\"fr-FR\",\"@id\":\"https:\\\/\\\/toufflers.fr\\\/#\\\/schema\\\/logo\\\/image\\\/\",\"url\":\"https:\\\/\\\/toufflers.fr\\\/wp-content\\\/uploads\\\/2024\\\/02\\\/Logo-site.png\",\"contentUrl\":\"https:\\\/\\\/toufflers.fr\\\/wp-content\\\/uploads\\\/2024\\\/02\\\/Logo-site.png\",\"width\":2560,\"height\":721,\"caption\":\"Toufflers\"},\"image\":{\"@id\":\"https:\\\/\\\/toufflers.fr\\\/#\\\/schema\\\/logo\\\/image\\\/\"},\"sameAs\":[\"https:\\\/\\\/www.facebook.com\\\/people\\\/Mairie-de-Toufflers\\\/100064872632846\\\/?fref=ts\"]}]}<\/script>\n<!-- \/ Yoast SEO plugin. -->","yoast_head_json":{"title":"Aides sociales - Toufflers","robots":{"index":"index","follow":"follow","max-snippet":"max-snippet:-1","max-image-preview":"max-image-preview:large","max-video-preview":"max-video-preview:-1"},"canonical":"https:\/\/toufflers.fr\/index.php\/aides-sociales\/","og_locale":"fr_FR","og_type":"article","og_title":"Aides sociales - Toufflers","og_description":"[spb_text_block animation=&#8221;none&#8221; animation_delay=&#8221;0&#8243; simplified_controls=&#8221;yes&#8221; custom_css_percentage=&#8221;no&#8221; padding_vertical=&#8221;0&#8243; padding_horizontal=&#8221;0&#8243; margin_vertical=&#8221;0&#8243; custom_css=&#8221;margin-top: 0px;margin-bottom: 0px;&#8221; border_size=&#8221;0&#8243; border_styling_global=&#8221;default&#8221; width=&#8221;1\/1&#8243; el_position=&#8221;first last&#8221;] Aide sociale Personnalit\u00e9 juridique distincte, le CCAS est un \u00e9tablissement public autonome en mati\u00e8re sociale. Pr\u00e9sid\u00e9 par Monsieur le Maire, il est dirig\u00e9 par un Conseil d\u2019Administration constitu\u00e9 de 6 membres \u00e9lus et de 6 membres non \u00e9lus repr\u00e9sentatifs de la population toufflersoise. La [&hellip;]","og_url":"https:\/\/toufflers.fr\/index.php\/aides-sociales\/","og_site_name":"Toufflers","article_publisher":"https:\/\/www.facebook.com\/people\/Mairie-de-Toufflers\/100064872632846\/?fref=ts","article_modified_time":"2025-06-10T13:16:45+00:00","og_image":[{"width":1811,"height":2560,"url":"https:\/\/toufflers.fr\/wp-content\/uploads\/2024\/04\/affiche-PLIE-A3-29.7-x-42-cm-scaled.jpg","type":"image\/jpeg"}],"twitter_card":"summary_large_image","twitter_misc":{"Dur\u00e9e de lecture estim\u00e9e":"3 minutes"},"schema":{"@context":"https:\/\/schema.org","@graph":[{"@type":"WebPage","@id":"https:\/\/toufflers.fr\/index.php\/aides-sociales\/","url":"https:\/\/toufflers.fr\/index.php\/aides-sociales\/","name":"Aides sociales - Toufflers","isPartOf":{"@id":"https:\/\/toufflers.fr\/#website"},"primaryImageOfPage":{"@id":"https:\/\/toufflers.fr\/index.php\/aides-sociales\/#primaryimage"},"image":{"@id":"https:\/\/toufflers.fr\/index.php\/aides-sociales\/#primaryimage"},"thumbnailUrl":"http:\/\/2024.toufflers.fr\/wp-content\/uploads\/2024\/04\/affiche-PLIE-A3-29.7-x-42-cm-212x300.jpg","datePublished":"2020-04-21T12:44:28+00:00","dateModified":"2025-06-10T13:16:45+00:00","breadcrumb":{"@id":"https:\/\/toufflers.fr\/index.php\/aides-sociales\/#breadcrumb"},"inLanguage":"fr-FR","potentialAction":[{"@type":"ReadAction","target":["https:\/\/toufflers.fr\/index.php\/aides-sociales\/"]}]},{"@type":"ImageObject","inLanguage":"fr-FR","@id":"https:\/\/toufflers.fr\/index.php\/aides-sociales\/#primaryimage","url":"http:\/\/2024.toufflers.fr\/wp-content\/uploads\/2024\/04\/affiche-PLIE-A3-29.7-x-42-cm-212x300.jpg","contentUrl":"http:\/\/2024.toufflers.fr\/wp-content\/uploads\/2024\/04\/affiche-PLIE-A3-29.7-x-42-cm-212x300.jpg"},{"@type":"BreadcrumbList","@id":"https:\/\/toufflers.fr\/index.php\/aides-sociales\/#breadcrumb","itemListElement":[{"@type":"ListItem","position":1,"name":"Accueil","item":"https:\/\/toufflers.fr\/"},{"@type":"ListItem","position":2,"name":"Aides sociales"}]},{"@type":"WebSite","@id":"https:\/\/toufflers.fr\/#website","url":"https:\/\/toufflers.fr\/","name":"Toufflers","description":"","publisher":{"@id":"https:\/\/toufflers.fr\/#organization"},"potentialAction":[{"@type":"SearchAction","target":{"@type":"EntryPoint","urlTemplate":"https:\/\/toufflers.fr\/?s={search_term_string}"},"query-input":{"@type":"PropertyValueSpecification","valueRequired":true,"valueName":"search_term_string"}}],"inLanguage":"fr-FR"},{"@type":"Organization","@id":"https:\/\/toufflers.fr\/#organization","name":"Toufflers","url":"https:\/\/toufflers.fr\/","logo":{"@type":"ImageObject","inLanguage":"fr-FR","@id":"https:\/\/toufflers.fr\/#\/schema\/logo\/image\/","url":"https:\/\/toufflers.fr\/wp-content\/uploads\/2024\/02\/Logo-site.png","contentUrl":"https:\/\/toufflers.fr\/wp-content\/uploads\/2024\/02\/Logo-site.png","width":2560,"height":721,"caption":"Toufflers"},"image":{"@id":"https:\/\/toufflers.fr\/#\/schema\/logo\/image\/"},"sameAs":["https:\/\/www.facebook.com\/people\/Mairie-de-Toufflers\/100064872632846\/?fref=ts"]}]}},"_links":{"self":[{"href":"https:\/\/toufflers.fr\/index.php\/wp-json\/wp\/v2\/pages\/2494","targetHints":{"allow":["GET"]}}],"collection":[{"href":"https:\/\/toufflers.fr\/index.php\/wp-json\/wp\/v2\/pages"}],"about":[{"href":"https:\/\/toufflers.fr\/index.php\/wp-json\/wp\/v2\/types\/page"}],"author":[{"embeddable":true,"href":"https:\/\/toufflers.fr\/index.php\/wp-json\/wp\/v2\/users\/1"}],"replies":[{"embeddable":true,"href":"https:\/\/toufflers.fr\/index.php\/wp-json\/wp\/v2\/comments?post=2494"}],"version-history":[{"count":7,"href":"https:\/\/toufflers.fr\/index.php\/wp-json\/wp\/v2\/pages\/2494\/revisions"}],"predecessor-version":[{"id":7034,"href":"https:\/\/toufflers.fr\/index.php\/wp-json\/wp\/v2\/pages\/2494\/revisions\/7034"}],"wp:attachment":[{"href":"https:\/\/toufflers.fr\/index.php\/wp-json\/wp\/v2\/media?parent=2494"}],"curies":[{"name":"wp","href":"https:\/\/api.w.org\/{rel}","templated":true}]}}